tors of r.
2
Let y = -11 + 7. Let x(z) = -7*z - 3. Let s be x(y). Suppose r = -5*o - 13 + 38, s = 5*r. List the prime factors of o.
2
Let p(n) be the second derivative of n**5/20 + 2*n**4/3 - 11*n**3/6 + n**2 - 5*n. What are the prime factors of p(-9)?
2, 5
Let c be (-884)/10 - 18/(-45). Let g = -57 - c. What are the prime factors of g?
31
Suppose 5*j = j + 268. List the prime factors of j.
67
Let p(j) = 3*j - 5. Let r be p(4). Let z(h) = -h**2 + 4*h - 3. Let a(n) = -n - 1. Let g(l) = 2*a(l) - z(l). What are the prime factors of g(r)?
2
Let y = -8 + 14. Let s(j) = y + j + 0*j + 3 - 5. List the prime factors of s(-2).
2
What are the prime factors of (1 + 0)*-3 + 33?
2, 3, 5
Let i be 12*2/10*20. Suppose 64*q + 15 = 69*q. Suppose -i = -5*o - q. What are the prime factors of o?
3
Suppose -5*y + 30 = 5*v, 10 = -3*y - 2*v + 26. What are the prime factors of y?
2
Let m(s) = 2*s - 2. Let w be (-3 - 0)*-1 - -3. What are the prime factors of m(w)?
2, 5
What are the prime factors of (-4 - -3 - -4)*8?
2, 3
Let u = -3 + 6. Suppose -u*g - 26 = -5*g. Suppose -5*h + g + 2 = 0. What are the prime factors of h?
3
Suppose 3*r = -r + 284. What are the prime factors of r?
71
Let i(m) = -m**2 - 5*m + 3. Let n be i(-5). Suppose 0*f + n*f + 81 = 0. Let y = f - -38. What are the prime factors of y?
11
Let i(w) = 5*w + 4*w**2 - 5*w**2 - 7*w - 4*w. What are the prime factors of i(-3)?
3
Let a = -5 - -9. Suppose -a*k = 5*d + 4, 4*k + 4*d + 0*d = 0. Suppose -3*w = r - 20, 0 = -k*w - 3 + 15. List the prime factors of r.
11
Suppose -2*x - x + 60 = 0. Suppose 5*c - c = x. What are the prime factors of c?
5
Let g(d) = -3 + 4 - 2 - d - 8*d. Suppose -l - l + 5*t = 7, -l = -5*t + 6. What are the prime factors of g(l)?
2
Let c = -11 + 52. Let l = c - 24. What are the prime factors of l?
17
Suppose -5*d = 5*x + 77 - 882, -2*x + 4*d = -352. List the prime factors of x.
2, 83
Let p be ((-3)/2)/((-24)/(-224)). Let i = p - -25. Suppose d + 1 - i = -3*t, -t - 5*d = -22. What are the prime factors of t?
2
Let b be 3 + (-2)/(-4)*0. Suppose -b*g - 32 = -4*g. What are the prime factors of g?
2
Let b(g) = 6*g + 21*g**3 - 6*g**2 + 0 + 5 - 22*g**3. Let m be b(-7). Suppose -4*y = m - 60. What are the prime factors of y?
2, 3
Let j(s) = 4*s**2 - 2. Let m be j(2). Suppose 4*k - m = 34. List the prime factors of k.
2, 3
List the prime factors of (-4)/3*(1449/6)/(-1).
2, 7, 23
Let i = -5 - -5. Let q = 1 + i. What are the prime factors of 3 + 1 + q + -2?
3
Let u = 13 + -8. Suppose -u + 29 = o. What are the prime factors of o?
2, 3
List the prime factors of (-3)/(-1*(-9)/(-87)).
29
Suppose -5*k + 86 = -3*k. List the prime factors of k.
43
Let y(o) = o**2 - 11*o + 13. Let q be y(9). Let t be ((-8)/q)/(6/165). Suppose 4*w = -0*w + t. What are the prime factors of w?
11
Let l(h) = h**3 - 4*h**2 - 6*h + 8. What are the prime factors of l(6)?
2, 11
Suppose 1 = s - 0*s. Suppose 3*t - 3 = -5*y + 10, -2*y + 3*t + s = 0. List the prime factors of (-1 + 1)/y + 7.
7
Let l(o) = -10*o + 28. List the prime factors of l(-6).
2, 11
Let r(k) = k**2 - 3*k + 5. Suppose 2*u - 4 = 4. Let y be r(u). Let a = y - 4. What are the prime factors of a?
5
Suppose 264 = 4*s - 4*j, 0 = -4*s + 2*j + j + 267. What are the prime factors of s?
3, 23
Suppose 0 = -5*m + 3*m + 4. Suppose 0 = 5*h + 4*a - 37, -a + m - 4 = 0. List the prime factors of h.
3
Let f(y) = 16*y**2 + 7*y - 15. List the prime factors of f(4).
269
Suppose 6 = -2*c + 3*c. Suppose -22 = -4*z - c. List the prime factors of z.
2
Let z be ((-4)/5)/(10/(-250)). Let t = 34 - z. What are the prime factors of t?
2, 7
Let j = 317 + 0. List the prime factors of j.
317
Suppose -c + 5*c - 5*f = 36, -3*f - 24 = -3*c. Suppose -3 = c*b - 15. Suppose 3*w = b*t, 3*w + 0*w = 2*t + 2. What are the prime factors of w?
2
Let u(k) = -k**3 + 7*k**2 - 6*k + 2. Let c be u(6). What are the prime factors of 34/(-1)*c/(-4)?
17
Let n = 15 - -11. List the prime factors of n.
2, 13
Let l(v) = -v**2 - 9*v + 6. What are the prime factors of l(-8)?
2, 7
Suppose -5*i = -s - 88, 4*i + 3 - 59 = -4*s. Let m = 28 - i. List the prime factors of m.
11
Let g(r) be the second derivative of r**4/12 - 2*r**3/3 - r**2 + 8*r. Let o = 5 + 0. What are the prime factors of g(o)?
3
Suppose 4*i - 3*l + 5*l = 178, -2*i - 5*l = -109. What are the prime factors of i?
2, 3, 7
Suppose 2*b - 19 = z + 229, 127 = b + z. List the prime factors of b.
5
Let q(z) = -z**3 - 6*z**2 + 5*z + 15. What are the prime factors of q(-8)?
103
Let a(q) = 3*q - 1. Let v be a(10). Suppose 0 = o - 3*b - 20, -5*o = b - 7 - v. What are the prime factors of o?
2
Suppose 5*x + 303 = -387. What are the prime factors of x/(-8) - (-5)/(-20)?
17
Suppose k - 5*d - 26 = -4*d, 3*k - d = 84. What are the prime factors of k?
29
Let n(t) = -t**2 - 6*t + 7. Let g be n(-6). Suppose -20 = 2*v - g*v. Suppose -v - 6 = -u. What are the prime factors of u?
2, 5
Suppose -3*t = k - t - 18, -t = -4*k + 90. What are the prime factors of k?
2, 11
Let n = -1 - -12. Let g(s) = s**2 + 3*s + 2. Let i be g(-2). Suppose i = 4*z + 4, -z = -5*f + n - 0. What are the prime factors of f?
2
Let o(q) = q**2 - 7*q - 4. Let y be o(7). Let v(x) = x**2 + 5*x + 6. Let s be v(y). Suppose 5 = 4*a + t, -s*a = -3*a - 2*t - 4. What are the prime factors of a?
2
Suppose 4*t = 3*t. Suppose -1 = -3*z + 14. Let g = z + t. What are the prime factors of g?
5
Let z(u) be the second derivative of 0 - u + 3/2*u**3 + 2*u**2 + 11/12*u**4 + 1/20*u**5. What are the prime factors of z(-10)?
2, 7
Suppose -3*w - 2*w + 10 = 0. Suppose 4 = 4*z - w*z. List the prime factors of z.
2
Suppose 2*l + 5*u = u + 108, -4*l - 5*u + 213 = 0. What are the prime factors of l?
2, 13
Let h = 4 - 4. Suppose -5*c + 16 + 39 = h. List the prime factors of c.
11
Suppose 0 = 4*p - 105 - 127. List the prime factors of p.
2, 29
Suppose 93 = -3*o + 2*o. What are the prime factors of -3*(-4)/((-36)/o)?
31
Suppose 4*s + 20 = 0, -s - 5 = -2*k - 0*s. Suppose k = 4*w - 3*w - 28. Suppose -4*n = -w - 8. List the prime factors of n.
3
List the prime factors of ((-235)/20)/((12/4)/(-60)).
5, 47
Let d(a) = 6*a**2 - 4*a + 4. Let x be d(3). What are the prime factors of x/4 + 9/18?
2, 3
Let x be (-1)/1 - (0 + 2). List the prime factors of x/3*-19 + -2.
17
Suppose 4*d - 84 = -0*d. What are the prime factors of d?
3, 7
Let a(o) = -o + 12. Let q be a(0). Suppose q = 6*v - 2*v. Suppose -5*j + 33 = -4*i, -j - 3*i - i = v. List the prime factors of j.
5
Let j(p) = -5*p**3 - 8*p**2 - 6*p**3 + 5 - 8*p + 10*p**3. Suppose 0*h + 2*d + 14 = -2*h, 0 = 2*d. List the prime factors of j(h).
2, 3
Suppose 4*m = -5*i + 228 + 17, 3*i + 3*m - 150 = 0. What are the prime factors of i?
3, 5
Let p(u) be the second derivative of u**4/4 + u**2/2 - u. Let d be p(1). Suppose k = -d*k + 20. What are the prime factors of k?
2
Suppose -y - 2*y = -57. What are the prime factors of y?
19
Suppose -4*g + 165 = -327. List the prime factors of g.
3, 41
Let k(u) = 54*u + 24. List the prime factors of k(4).
2, 3, 5
Suppose 0 = 4*x - 3*r - 21, 4*x - 5*r - 7 = 2*x. Let i = -2 + x. Suppose 2*n = 3*h - 20, -h + n = 3*n + i. List the prime factors of h.
2
Let i be 3*1 + 6/(-6). Suppose -5*r - 13 = -i*z, 19 = z + r - 6*r. List the prime factors of ((-10)/6)/(1/z).
2, 5
Suppose -5*z + 197 = -113. What are the prime factors of z?
2, 31
Suppose 0 = 2*t + 203 - 557. List the prime factors of t.
3, 59
Let a(n) = -n - 5. Let v be a(-6). Let w(y) = 16*y**3 + y**2 - 2*y + 1. List the prime factors of w(v).
2
Let t = 217 + -75. List the prime factors of t.
2, 71
Let u = 13 - 5. List the prime factors of u.
2
Let s(f) = 2*f - 1 + 1. Let g(r) = r**3 - 11*r**2 - 11*r - 8. Let x be g(12). What are the prime factors of s(x)?
2
Let z be (-4)/(2/(7*-2)). Let n be 19 + -3 + 3/3. Let l = z - n. List the prime factors of l.
11
What are the prime factors of 2/(16/852)*(-4)/(-3)?
2, 71
Let n be 12/(-10)*(-20)/6. Let f(w) = -w**3 + 5*w**2 - 2*w - 5. List the prime factors of f(n).
3
Let u be 34 - -2 - (-5 - -2). What are the prime factors of (6 + u)*(-1)/(-3)?
3, 5
Let g = 111 - 3. What are the prime factors of g?
2, 3
Suppose 4*c + 244 = 8*c. What are the prime factors of c?
61
Let l(t) = t**2 + 8*t. Let v be l(-8). Suppose 8 = -m - m, -5*g + m + 14 = v. Suppose -2 - 4 = -g*a. List the prime factors of 